units digit of 106/(-5)*-9 - 20/(-100)?
1
Suppose 3*z + 0*z = 303. Suppose 24 = 5*r - z. What is the tens digit of r?
2
What is the tens digit of 482/3*(-12)/(-40)*5?
4
Suppose 0 = g - 4*g - 6. Let v(i) = 7*i**2 + 2*i + 3. What is the tens digit of v(g)?
2
Let n(c) = -c**3 - 3*c**2. Let p be n(-3). Let i(q) = -q**2 + 8. Let m be i(p). What is the units digit of (42/m)/(12/32)?
4
Suppose 4*n - 35 - 9 = 0. Let q = n - 6. What is the units digit of q?
5
Let k = 5 + -1. Suppose s + k*s = 0. Suppose s = 4*w - 5*w + 4. What is the units digit of w?
4
Suppose w - 16 = 20. Let h = 60 - w. What is the units digit of h?
4
Let i = -11 + 57. What is the tens digit of i?
4
Let s = -20 + 39. Suppose s = n - 3. What is the tens digit of n?
2
What is the tens digit of (63/6 + -4)*2?
1
What is the tens digit of ((-26)/6)/((0 - -5)/(-90))?
7
Suppose -4*c - 99 = -7*c. Let t = c + 0. Suppose 2*y = -4*h + h + t, 4*h + 2*y - 42 = 0. What is the units digit of h?
9
Let z = 54 + -38. What is the units digit of z?
6
Let a(o) = -o**3 + 7*o**2 + 8*o - 7. What is the tens digit of a(7)?
4
Let z = -8 - -5. Let s be (-4 - z)/((-1)/(-5)). Let h(g) = -g**2 - 6*g. What is the units digit of h(s)?
5
Let j = -85 - -22. Let t be (-3605)/j + 2/(-9). Suppose 0 = 3*c - t + 12. What is the tens digit of c?
1
Let y = 7 - 10. What is the units digit of 17/1 + 1 + y?
5
Let n(z) = 4*z**3 - 4*z**2 + z + 0*z**3 + 2*z**3 + 2 + z**3. Let o be n(2). Suppose -o = -3*b + 4*w, 2*w - 19 = -3*b + w. What is the units digit of b?
8
Suppose -7 - 9 = -4*m. Suppose 3*z + 22 = 5*v, -2*v + 13 = -m*z - 7. Let d(u) = -2*u - 3. What is the units digit of d(z)?
5
Let d(o) = o**3 - 9*o**2 + o - 5. Let n be d(9). Suppose h = 4*w - 1 - n, 3*h = 9. What is the units digit of w?
2
Let t(y) = -y**3 - 20*y**2 - 22*y. What is the units digit of t(-19)?
7
Let d = -84 - -143. What is the tens digit of d?
5
Let i(m) = -m**2 - 4*m. Let l be i(-3). Suppose -77 = 3*d - 4*f + 3*f, -4*d + l*f - 101 = 0. What is the units digit of (-30)/d - (-4)/(-26)?
1
Suppose -4*k + 220 = -2*k + 4*y, -5*k - 3*y = -515. Suppose -3*j + k = -35. What is the units digit of j?
5
Let l be -2 + 1/((-1)/(-11)). What is the tens digit of (-50)/(-3)*l/6?
2
Let v be 3/(-3)*-3 + 1. Let s(h) = h + h**3 + 0*h**3 - 2 - v*h**2 + 3*h. What is the units digit of s(3)?
1
Let j(l) = -l**2 + 9*l - 6. Let b be j(5). What is the tens digit of (1 - b/10)*-30?
1
Let x be 25/(-3) - 4/6. Let y = x + 50. Let d = y - 29. What is the tens digit of d?
1
Let g(s) = s**3 - 4*s**2 - 4*s - 4. Let b be g(5). Suppose 2*t = 7 + b. What is the units digit of t?
4
Let d = -52 - -81. What is the units digit of d?
9
Let v = -11 - -13. What is the units digit of v?
2
Suppose q + 2*u - 38 = -2*u, -u = 4*q - 77. Let j = q - -13. What is the tens digit of j?
3
Suppose 0*n - n = -2. Suppose -n*i + 3*j + 11 + 2 = 0, -5*i - j = 10. Let b(h) = -4*h**3 + h**2. What is the units digit of b(i)?
5
Let m(v) = -v**3 + 2*v**2 + 2*v - 2. Let d be m(2). Let f = 12 + d. What is the tens digit of f?
1
Let v(d) = d**3 + 3*d**2 - 4*d + 2. Let b be ((-18)/(-3))/((-6)/4). What is the units digit of v(b)?
2
What is the tens digit of (8*-5)/((-2)/8)?
6
Suppose -5*d = 57 - 12. Let o(u) be the second derivative of -u**5/20 - 3*u**4/4 + u**3/6 + 5*u**2 + u. What is the units digit of o(d)?
1
Let i be (-5)/(-1)*30/25. Let a = i + -3. Suppose -27 = -3*g - a*j, 5*j - 8 - 1 = g. What is the units digit of g?
6
Let b be (36/10)/(2/50). Suppose -3*r + b = -0*r. What is the units digit of r?
0
Let z(g) = -g**2 + 3*g + 7. Suppose 21 = 5*s - u, 5*s - 2*u + 4 - 21 = 0. Let i be z(s). What is the units digit of -1 + (2 + i - -10)?
8
Let v(l) = l**3 - 2*l**2 - 2*l + 3. Let h be ((-12)/16)/(2/(-8)). What is the units digit of v(h)?
6
Let l(h) be the third derivative of h**4/12 + h**3/3 + h**2. Let z be l(3). Suppose 10 = 3*c - z. What is the units digit of c?
6
Let b(z) = 22*z - 3. Let u be b(3). Suppose -2*l + u = l. What is the tens digit of l?
2
Suppose -2*o - 6*o + 200 = 0. What is the units digit of o?
5
Suppose -320 = -5*c + 3*i, -3*c - 4*i = -2*i - 192. What is the units digit of c?
4
Suppose -l = -4*l - 3, -2 = -3*b - l. Suppose -4*h + 13 - b = 0. What is the units digit of h?
3
Let i(k) = -k**2 - 15*k - 13. What is the tens digit of i(-9)?
4
Let f(y) = -y**2 - 2. Let a be f(3). Let m = 4 - 10. Let h = m - a. What is the units digit of h?
5
Suppose 2*r = 4*r - 8. Let b(h) = -h - 6. Let i be b(-7). Suppose r*a - 7 - i = 0. What is the units digit of a?
2
Let l(j) = j**2 - 5*j + 5. Let v = -10 - -14. What is the units digit of l(v)?
1
Suppose -3*j = j - 20. Suppose 95 = j*u - 4*h, -h = -4*h - 15. Suppose 4*b - 31 - 1 = -2*i, b - u = 3*i. What is the units digit of b?
9
Suppose -2*a - p + 116 = 0, 3*a + 64 = -5*p + 231. What is the units digit of a?
9
Let j be ((-1364)/8)/(2/(-4)). What is the units digit of j/7 + 10/35?
9
Let k(m) = -m**2 + 11*m - 8. Let f be (12/(-16))/(2/(-48)). Suppose -p - p + f = 0. What is the units digit of k(p)?
0
Suppose 13*t - 11*t - 28 = 0. What is the tens digit of t?
1
Suppose -2*o - 2*b = -3*b - 59, -3*b + 131 = 5*o. What is the units digit of o?
8
Let g(v) = -v**3 + 4*v**2 + v + 1. Let j be g(4). Suppose j*y - 37 = 73. What is the units digit of y?
2
Let b be (-19)/1*2*-1. Let f = b - 27. What is the tens digit of f?
1
Suppose 0*a = 5*a - 10. Let z be (1 + -1 + -1)*0. Suppose -a*l + z = -2. What is the units digit of l?
1
Let t = 14 - 6. Let p(g) = g**3 - 7*g**2 - 5*g. What is the tens digit of p(t)?
2
Suppose 26 = m + 3*k + 6, k = -2. What is the units digit of m?
6
Let h(b) = b**3 - 3*b**2 + 3. Let x be h(3). Suppose 4 = 2*j - 4*z, 2*j + 0*z - 8 = x*z. What is the units digit of j?
0
Let z = 13 - -40. Let y = 91 - 53. Let h = z - y. What is the units digit of h?
5
Suppose 3*a = -0*a - 9. Let j(i) = -2*i + 4. What is the tens digit of j(a)?
1
Suppose c = -3*c. What is the units digit of (-3 - -3 - c) + 1?
1
Suppose -2*b - 19 = -2*m - 3, 2*m - 4 = -2*b. Let c(h) = -2*h + 13. Let l be c(0). Suppose l = m*t - 47. What is the tens digit of t?
1
Suppose -3*f - 3*v + 82 + 5 = 0, -3*f + 77 = 5*v. What is the units digit of f?
4
Let g = 24 - -1. What is the units digit of g?
5
Let l = 0 + 9. What is the units digit of (-3)/(0 - 3/l)?
9
Let c = 3 - 1. Suppose c = 3*p - 1. What is the units digit of 1/(-2)*(p - 3)?
1
Let v(n) be the third derivative of n**6/360 - n**5/20 + n**4/4 + n**3/3 + 2*n**2. Let y(t) be the first derivative of v(t). What is the units digit of y(6)?
6
Let q = -100 + 190. What is the units digit of q?
0
Suppose b - 29 = -8. What is the units digit of b?
1
Suppose 19*t - 34 = 18*t. What is the tens digit of t?
3
Suppose -72*n = -76*n + 724. What is the hundreds digit of n?
1
Suppose -2*t + 24 = -t. Suppose -2*h = 2*h - 8, -5*z - 2*h + t = 0. What is the units digit of z?
4
Let q(h) = -h**3 + 2*h - 2. Let g be q(2). What is the tens digit of 12/2*(-26)/g?
2
Suppose 0 = -4*m - m + 130. Suppose 0 = 5*g - 2*t - 57, -2*g - 3*t = -m + 7. What is the units digit of g?
1
Let z = 1 - -1. Suppose 0 = 5*p - 3*k - 2, -z*k = -4*p + 2*k. What is the units digit of p?
1
Suppose q - 7 = -4*b + 8, q = 4*b - 1. Suppose -12 = -3*y, 5*g - 1 = 4*y - q. Suppose -g*r - 28 = -5*v + 38, -2*r + 32 = 2*v. What is the units digit of v?
4
Let a(s) = 5*s - 1. Let g be -2 + 2/1 - -2. What is the units digit of a(g)?
9
What is the units digit of (-2)/(-3)*(-996)/(-8)?
3
Suppose -2*h = -h - 1. Let q = 2 + h. Suppose 0*y + 30 = q*y. What is the units digit of y?
0
Let u(t) = t**2 + 12*t - 11. What is the units digit of u(-14)?
7
Let o(k) = k**3 + 9*k**2 - 10*k + 1. Suppose 5*l - 32 = -82. Let p be o(l). Suppose -2*r + 3 = -p. What is the units digit of r?
2
Let c = -61 + 121. What is the units digit of c?
0
Suppose -3*s - 5*d = -26, -2*s + 5*d - 14 = s. Suppose i + 1 = s. What is the units digit of i?
1
Suppose 0 = -4*m - 2*i + 32, 3*m + 4*i + 56 = 7*m. Let a = m + -5. What is the units digit of a?
5
Suppose -3*f - 2 = 1. What is the units digit of 2 - f*(-32)/(-2)?
8
Let s = -13 + 14. What is the units digit of (6/(-3) + 9)*s?
7
Let n(f) = -f**3 - 3*f**2 - f + 2. Let i be n(-3). What is the tens digit of (-1)/2*(-71 + i)?
3
Let o = 6 - 4. Suppose 0 = 4*p + 22 + 106. What is the units digit of o/(